{"id":1018,"date":"2026-02-04T02:39:24","date_gmt":"2026-02-04T02:39:24","guid":{"rendered":"https:\/\/disecosdarkatelier.com\/shop\/?post_type=product&#038;p=1018"},"modified":"2026-02-04T02:49:05","modified_gmt":"2026-02-04T02:49:05","slug":"mochila-doom-estampado-magical","status":"publish","type":"product","link":"https:\/\/disecosdarkatelier.com\/shop\/product\/mochila-doom-estampado-magical\/","title":{"rendered":"Mochila Doom Estampado magical."},"content":{"rendered":"<ul class=\"[&amp;:not(:last-child)_ul]:pb-1 [&amp;:not(:last-child)_ol]:pb-1 list-disc space-y-2.5 pl-7\">\n<li class=\"whitespace-normal break-words\"><strong>Material exterior: <\/strong>Lona de alta densidad estampada y detalles en cuero sint\u00e9tico.<\/li>\n<li><strong>Material interior: <\/strong>forro textil para elegir entre,rojo, vinotinto, negro, morado, negro.<\/li>\n<li class=\"whitespace-normal break-words\"><strong>Cremallera impermeable<\/strong>.<\/li>\n<li><b data-path-to-node=\"11,1,0\" data-index-in-node=\"0\">Accesorios Met\u00e1licos:<\/b> Incluye una cadena decorativa cromada y detalles de remaches que refuerzan su car\u00e1cter punk\/goth.<\/li>\n<li class=\"whitespace-normal break-words\"><b data-path-to-node=\"11,3,0\" data-index-in-node=\"0\">Organizaci\u00f3n Superior:<\/b> Tres niveles de almacenamiento frontal (bolsillo peque\u00f1o, mediano y compartimento principal).<\/li>\n<li><b data-path-to-node=\"11,5,0\" data-index-in-node=\"0\">Confort:<\/b> Correas acolchadas y reforzadas para un uso prolongado sin fatiga<\/li>\n<\/ul>\n<p class=\"font-claude-response-body whitespace-normal break-words\"><strong>Dimensiones:<\/strong><\/p>\n<ul class=\"[&amp;:not(:last-child)_ul]:pb-1 [&amp;:not(:last-child)_ol]:pb-1 list-disc space-y-2.5 pl-7\">\n<li class=\"whitespace-normal break-words\">Alto: 47 cm | Ancho: 30 cm | Profundidad: 15 cm<\/li>\n<\/ul>\n<p class=\"font-claude-response-body whitespace-normal break-words\"><strong>Ideal para:<\/strong> Salidas casuales, look g\u00f3tico, witchy, dark o alternativo.<\/p>\n","protected":false},"excerpt":{"rendered":"<p><b data-path-to-node=\"9\" data-index-in-node=\"0\">Domina las calles con la esencia de la magia oscura.<\/b> La mochila Doom &#8220;Magical&#8221; est\u00e1 dise\u00f1ada para quienes no se conforman con lo b\u00e1sico.<\/p>\n<p>Con una estructura robusta y m\u00faltiples compartimentos, es la compa\u00f1era ideal para festivales, conciertos o el d\u00eda a d\u00eda de un alma m\u00edstica.<\/p>\n","protected":false},"featured_media":1021,"comment_status":"open","ping_status":"closed","template":"","meta":{"_uag_custom_page_level_css":""},"product_brand":[],"product_cat":[30],"product_tag":[76,31,74,73,75,77],"class_list":{"0":"post-1018","1":"product","2":"type-product","3":"status-publish","4":"has-post-thumbnail","6":"product_cat-mochilas","7":"product_tag-estetica-alternativa","8":"product_tag-gotico","9":"product_tag-magical","10":"product_tag-mochila-doom","11":"product_tag-punk","12":"product_tag-witchcore","14":"first","15":"instock","16":"shipping-taxable","17":"purchasable","18":"product-type-variable"},"aioseo_notices":[],"uagb_featured_image_src":{"full":["https:\/\/disecosdarkatelier.com\/wp-content\/uploads\/2026\/02\/IMG_20251211_172705.jpg",1864,2486,false],"thumbnail":["https:\/\/disecosdarkatelier.com\/wp-content\/uploads\/2026\/02\/IMG_20251211_172705-150x150.jpg",150,150,true],"medium":["https:\/\/disecosdarkatelier.com\/wp-content\/uploads\/2026\/02\/IMG_20251211_172705-225x300.jpg",225,300,true],"medium_large":["https:\/\/disecosdarkatelier.com\/wp-content\/uploads\/2026\/02\/IMG_20251211_172705-768x1024.jpg",768,1024,true],"large":["https:\/\/disecosdarkatelier.com\/wp-content\/uploads\/2026\/02\/IMG_20251211_172705-768x1024.jpg",768,1024,true],"1536x1536":["https:\/\/disecosdarkatelier.com\/wp-content\/uploads\/2026\/02\/IMG_20251211_172705-1152x1536.jpg",1152,1536,true],"2048x2048":["https:\/\/disecosdarkatelier.com\/wp-content\/uploads\/2026\/02\/IMG_20251211_172705-1536x2048.jpg",1536,2048,true],"woocommerce_thumbnail":["https:\/\/disecosdarkatelier.com\/wp-content\/uploads\/2026\/02\/IMG_20251211_172705-324x324.jpg",324,324,true],"woocommerce_single":["https:\/\/disecosdarkatelier.com\/wp-content\/uploads\/2026\/02\/IMG_20251211_172705-416x555.jpg",416,555,true],"woocommerce_gallery_thumbnail":["https:\/\/disecosdarkatelier.com\/wp-content\/uploads\/2026\/02\/IMG_20251211_172705-100x100.jpg",100,100,true]},"uagb_author_info":{"display_name":"yulantto@gmail.com","author_link":"https:\/\/disecosdarkatelier.com\/shop\/author\/"},"uagb_comment_info":0,"uagb_excerpt":"Domina las calles con la esencia de la magia oscura. La mochila Doom \"Magical\" est\u00e1 dise\u00f1ada para quienes no se conforman con lo b\u00e1sico. Con una estructura robusta y m\u00faltiples compartimentos, es la compa\u00f1era ideal para festivales, conciertos o el d\u00eda a d\u00eda de un alma m\u00edstica.","_links":{"self":[{"href":"https:\/\/disecosdarkatelier.com\/shop\/wp-json\/wp\/v2\/product\/1018","targetHints":{"allow":["GET"]}}],"collection":[{"href":"https:\/\/disecosdarkatelier.com\/shop\/wp-json\/wp\/v2\/product"}],"about":[{"href":"https:\/\/disecosdarkatelier.com\/shop\/wp-json\/wp\/v2\/types\/product"}],"replies":[{"embeddable":true,"href":"https:\/\/disecosdarkatelier.com\/shop\/wp-json\/wp\/v2\/comments?post=1018"}],"wp:featuredmedia":[{"embeddable":true,"href":"https:\/\/disecosdarkatelier.com\/shop\/wp-json\/wp\/v2\/media\/1021"}],"wp:attachment":[{"href":"https:\/\/disecosdarkatelier.com\/shop\/wp-json\/wp\/v2\/media?parent=1018"}],"wp:term":[{"taxonomy":"product_brand","embeddable":true,"href":"https:\/\/disecosdarkatelier.com\/shop\/wp-json\/wp\/v2\/product_brand?post=1018"},{"taxonomy":"product_cat","embeddable":true,"href":"https:\/\/disecosdarkatelier.com\/shop\/wp-json\/wp\/v2\/product_cat?post=1018"},{"taxonomy":"product_tag","embeddable":true,"href":"https:\/\/disecosdarkatelier.com\/shop\/wp-json\/wp\/v2\/product_tag?post=1018"}],"curies":[{"name":"wp","href":"https:\/\/api.w.org\/{rel}","templated":true}]}}