{"id":857,"date":"2025-11-19T02:41:10","date_gmt":"2025-11-19T02:41:10","guid":{"rendered":"https:\/\/disecosdarkatelier.com\/shop\/?post_type=product&#038;p=857"},"modified":"2025-11-20T02:03:21","modified_gmt":"2025-11-20T02:03:21","slug":"mochila-vintaxe-vamp","status":"publish","type":"product","link":"https:\/\/disecosdarkatelier.com\/shop\/product\/mochila-vintaxe-vamp\/","title":{"rendered":"Mochila Vintaxe Vamp"},"content":{"rendered":"<p>&nbsp;<\/p>\n<ul>\n<li class=\"whitespace-normal break-words\">Confeccionada en combinaci\u00f3n sint\u00e9tico negro de alta calidad y terciopelo\u00a0 que aporta textura y sofisticaci\u00f3n.<\/li>\n<li class=\"whitespace-normal break-words\">Correas ajustables.<\/li>\n<li>Dimensiones 37cm de alto x 27 cm de ancho x 12 cm de profundidad.<\/li>\n<li class=\"whitespace-normal break-words\">Capacidad: Aproximadamente 12 litros.<\/li>\n<li class=\"whitespace-normal break-words\">Compatible con laptops de hasta 13-14 pulgadas.<\/li>\n<li class=\"whitespace-normal break-words\">Forro impermeable por dentro. Puedes elegir tono a tu gusto entre morado, negro, rojo, vinotinto.<\/li>\n<\/ul>\n","protected":false},"excerpt":{"rendered":"<p>Perfecta fusi\u00f3n entre estilo g\u00f3tico y funcionalidad, dise\u00f1o de tapa que hace referencia a las alas de un murcielago, ideal para quienes buscan expresar su personalidad \u00fanica.<\/p>\n<p>&nbsp;<\/p>\n","protected":false},"featured_media":866,"comment_status":"open","ping_status":"closed","template":"","meta":{"_uag_custom_page_level_css":""},"product_brand":[],"product_cat":[30],"product_tag":[34,31,33,32],"class_list":{"0":"post-857","1":"product","2":"type-product","3":"status-publish","4":"has-post-thumbnail","6":"product_cat-mochilas","7":"product_tag-bolso","8":"product_tag-gotico","9":"product_tag-maleta","10":"product_tag-vamp","12":"first","13":"onbackorder","14":"shipping-taxable","15":"purchasable","16":"product-type-simple"},"aioseo_notices":[],"uagb_featured_image_src":{"full":["https:\/\/disecosdarkatelier.com\/wp-content\/uploads\/2025\/11\/1757367439264-scaled.jpg",1920,2560,false],"thumbnail":["https:\/\/disecosdarkatelier.com\/wp-content\/uploads\/2025\/11\/1757367439264-150x150.jpg",150,150,true],"medium":["https:\/\/disecosdarkatelier.com\/wp-content\/uploads\/2025\/11\/1757367439264-225x300.jpg",225,300,true],"medium_large":["https:\/\/disecosdarkatelier.com\/wp-content\/uploads\/2025\/11\/1757367439264-768x1024.jpg",768,1024,true],"large":["https:\/\/disecosdarkatelier.com\/wp-content\/uploads\/2025\/11\/1757367439264-768x1024.jpg",768,1024,true],"1536x1536":["https:\/\/disecosdarkatelier.com\/wp-content\/uploads\/2025\/11\/1757367439264-1152x1536.jpg",1152,1536,true],"2048x2048":["https:\/\/disecosdarkatelier.com\/wp-content\/uploads\/2025\/11\/1757367439264-1536x2048.jpg",1536,2048,true],"woocommerce_thumbnail":["https:\/\/disecosdarkatelier.com\/wp-content\/uploads\/2025\/11\/1757367439264-scaled-324x324.jpg",324,324,true],"woocommerce_single":["https:\/\/disecosdarkatelier.com\/wp-content\/uploads\/2025\/11\/1757367439264-scaled-416x555.jpg",416,555,true],"woocommerce_gallery_thumbnail":["https:\/\/disecosdarkatelier.com\/wp-content\/uploads\/2025\/11\/1757367439264-scaled-100x100.jpg",100,100,true]},"uagb_author_info":{"display_name":"yulantto@gmail.com","author_link":"https:\/\/disecosdarkatelier.com\/shop\/author\/"},"uagb_comment_info":0,"uagb_excerpt":"Perfecta fusi\u00f3n entre estilo g\u00f3tico y funcionalidad, dise\u00f1o de tapa que hace referencia a las alas de un murcielago, ideal para quienes buscan expresar su personalidad \u00fanica. &nbsp;","_links":{"self":[{"href":"https:\/\/disecosdarkatelier.com\/shop\/wp-json\/wp\/v2\/product\/857","targetHints":{"allow":["GET"]}}],"collection":[{"href":"https:\/\/disecosdarkatelier.com\/shop\/wp-json\/wp\/v2\/product"}],"about":[{"href":"https:\/\/disecosdarkatelier.com\/shop\/wp-json\/wp\/v2\/types\/product"}],"replies":[{"embeddable":true,"href":"https:\/\/disecosdarkatelier.com\/shop\/wp-json\/wp\/v2\/comments?post=857"}],"wp:featuredmedia":[{"embeddable":true,"href":"https:\/\/disecosdarkatelier.com\/shop\/wp-json\/wp\/v2\/media\/866"}],"wp:attachment":[{"href":"https:\/\/disecosdarkatelier.com\/shop\/wp-json\/wp\/v2\/media?parent=857"}],"wp:term":[{"taxonomy":"product_brand","embeddable":true,"href":"https:\/\/disecosdarkatelier.com\/shop\/wp-json\/wp\/v2\/product_brand?post=857"},{"taxonomy":"product_cat","embeddable":true,"href":"https:\/\/disecosdarkatelier.com\/shop\/wp-json\/wp\/v2\/product_cat?post=857"},{"taxonomy":"product_tag","embeddable":true,"href":"https:\/\/disecosdarkatelier.com\/shop\/wp-json\/wp\/v2\/product_tag?post=857"}],"curies":[{"name":"wp","href":"https:\/\/api.w.org\/{rel}","templated":true}]}}